 - 5. Let j be m(-3). What is the greatest common factor of j and 24?
8
Suppose -4*v + 2*s + 98 = 0, 6*s - 20 = 2*s. Suppose 0*r - 405 = -9*r. Calculate the greatest common factor of r and v.
9
Let r(g) be the first derivative of 5*g**3/3 - 3*g**2/2 + 4*g + 13. Let d be r(3). What is the highest common factor of 10 and d?
10
Suppose 6*k + 63 = 3*k. Let v = k - -37. Suppose y = 3*y, -4*q = 5*y - v. What is the greatest common divisor of q and 6?
2
Let y be (-44)/(-77)*70/2. Let o be ((-3)/2)/(15/(-500)). What is the highest common factor of o and y?
10
Suppose 0 = -2*x + 10 - 4. Suppose 3*y = -x*v + 831, 0 = -4*y + 2*v + 946 + 132. Calculate the highest common factor of 16 and y.
16
Let g = 471 - 466. Let r = 6 - -4. What is the highest common factor of g and r?
5
Let u(t) = -15*t + 27. Let v be u(0). What is the highest common factor of v and 6?
3
Let g = 8 - 2. Suppose -q + g*q - 20 = 0. Calculate the highest common divisor of q and 76.
4
Let f = 225 + -251. Let t = 65 + -9. Let l = f + t. Calculate the highest common divisor of l and 20.
10
Suppose -13*j + 6*j = -70. Suppose -17 = -j*g + 9*g. Calculate the highest common factor of g and 187.
17
Let l = -295 - -345. Let h be (0 - 0) + (4 - -1). Suppose 0*j - j = y - 12, 2*y = -h*j + 30. Calculate the highest common divisor of y and l.
10
Let s(y) = y**3 - 25*y**2 + 2*y - 8. Let t be s(25). Calculate the highest common factor of t and 672.
42
Suppose 65*j = 25*j + 17000. Calculate the highest common divisor of 102 and j.
17
Let o(l) = -6*l - 128. Let r be o(-28). What is the greatest common factor of 55 and r?
5
Suppose -9*t = -5073 - 2280. Calculate the greatest common factor of 19 and t.
19
Suppose 4*z - 650 = -4*j + 5*z, 0 = -2*z - 4. Let y be (-16)/24*(-39)/2 - -5. Calculate the greatest common divisor of y and j.
18
Let q(l) = -l**3 + 17*l**2 - 12*l + 13. Let u be q(16). Suppose 6 = -3*o + 6*o. Suppose 44 = 2*x + o*x. What is the greatest common factor of x and u?
11
Let g = 1283 - 639. What is the highest common divisor of g and 276?
92
Let k be -27*-5*2/2. Let z = -243 - -176. Let o = k + z. What is the greatest common factor of 17 and o?
17
Let f = 60 + -118. Let l = 62 + f. Calculate the highest common factor of l and 12.
4
Let y(x) = -x**3 + 6*x**2 - 18*x - 14. Let c be y(6). Let m = c + 237. Calculate the greatest common factor of 23 and m.
23
Let b = 11 - 18. Let s = b - -12. Let y = s - 0. Calculate the greatest common factor of 20 and y.
5
Let f be (-2)/((-2)/(-5)) + 157. Calculate the highest common divisor of f and 16.
8
Let z = -27 - -27. Suppose 0 = -k - z*k + 12. Suppose 0 = i - k - 5. What is the greatest common divisor of 119 and i?
17
Let f(t) = -12*t - 13. Let r be f(-12). Suppose -141 = -8*c + r. What is the greatest common factor of c and 85?
17
Suppose q + 5*i - 147 = -2*q, 98 = 2*q - 3*i. Let b be (14/q)/(2/42). Let l be (-423)/(-7) - b/14. Calculate the greatest common factor of 15 and l.
15
Let k be (3 + -2)*(34 + 8). Let y be ((-120)/k)/(2/(-7)). Calculate the highest common factor of 80 and y.
10
Let n = 239 + -253. Let a be (-2)/5 + (-532)/20. Let q = n - a. What is the greatest common divisor of q and 104?
13
Let l(b) = -b**3 + 4*b + 86. Let p be l(0). Let u = -62 + p. Calculate the highest common divisor of u and 144.
24
Suppose 3*y - 4*y = -162. Let g(m) = 2*m**2 - 3*m + 0*m**2 - m**2. Let k be g(6). What is the greatest common divisor of y and k?
18
Suppose -h - 4*q - 2 = 0, 2*h - 4 = -q + 6. Let w be 552/(-16)*4/(-3). Suppose 104 = 5*l - w. Calculate the highest common divisor of h and l.
6
Suppose 5*g - 40 = 3*f, 0*g - 10 = g + 3*f. Suppose 10 = -0*a + a. Suppose -j = g*k + 2*j - 10, -2*j - a = -5*k. What is the greatest common factor of k and 18?
2
Suppose 8 + 272 = 10*o. Calculate the greatest common factor of 4 and o.
4
Let y = -332 + 428. What is the greatest common divisor of 4 and y?
4
Let n(l) = -11*l + 264. Let b be n(21). What is the highest common factor of b and 121?
11
Let b = 286 + -284. Calculate the highest common divisor of b and 38.
2
Let q = 1 - 0. Let p be 5/1*(-5 - 140/(-25)). Calculate the greatest common divisor of q and p.
1
Let w = -328 - -336. What is the highest common factor of w and 224?
8
Let m be 66316/4130 - 4/70. Suppose 3*g - 107 = 16. Suppose -2*o - g + 265 = 0. Calculate the highest common factor of m and o.
16
Let c be 3*87 - (-95)/19. Calculate the greatest common divisor of 57 and c.
19
Suppose -5*c - 64 = -z - 375, 4*z - 16 = 0. Let x = -200 - -209. Calculate the highest common factor of x and c.
9
Suppose 109*m + 6628 = 112*m - 5*n, -3*m - 4*n = -6583. What is the greatest common divisor of 142 and m?
71
Let y be (-22)/(-4) - (-3)/(-6). Suppose 0 = 4*w + y + 7. Let t be 3 - (w + -9) - -2. Calculate the highest common factor of t and 153.
17
Let h = -5 + 46. Let y = -37 + h. Calculate the greatest common divisor of y and 10.
2
Let k(h) = -106*h**3 + h**2 + 3*h + 2. Let i be k(-1). Let n = i + -62. Calculate the highest common divisor of 4 and n.
4
Let d be 1/(-15)*-1382 + (-8)/60. Calculate the greatest common factor of d and 8.
4
Let w be 6*32/4*1. Let a(n) = -n**2 - 11*n + 28. Let v be a(-12). What is the greatest common factor of w and v?
16
Suppose 4*l - 23 = -5*o + 59, -3*o - 5*l = -57. What is the highest common divisor of 448 and o?
14
Let z be 370/40 - (-3)/4. Let i be (-1)/2*6 + 8. Calculate the greatest common factor of i and z.
5
Suppose 0 = 18*u - 7357 - 2525. What is the highest common divisor of u and 18?
9
Let h = 100 - 67. Let o(w) = w**2 - 5. Let t be o(4). Calculate the highest common divisor of t and h.
11
Suppose 98*i - 112*i = -13356. What is the highest common factor of 18 and i?
18
Suppose 4*j - 7*i - 526 = -4*i, -i - 131 = -j. What is the highest common factor of 7 and j?
7
Let x = 1193 + -1159. Suppose v - 4*v + 255 = 0. Calculate the highest common factor of v and x.
17
Suppose -3*d + 12 = 4*u, -d + 3 = 5*u - 1. Let n be -2 + d + -3 - -79. Calculate the greatest common divisor of 13 and n.
13
Let w(j) = j**3 - 17*j**2 - 19*j + 36. Let t be w(18). Suppose 5*q = t*q - 52. What is the greatest common factor of 44 and q?
4
Let w = 537 - 334. What is the highest common factor of 116 and w?
29
Let i(f) = -3*f + 8 - 2*f - 10. Let h be i(-4). What is the highest common divisor of h and 126?
18
Suppose u - d - 41 = 0, -2*u - u + d = -121. Calculate the greatest common divisor of 16 and u.
8
Let z = 794 + -563. Calculate the greatest common divisor of z and 198.
33
Suppose t = 8 + 6. Suppose 0 = 5*s + 4*g - 31, 4*s = 6*s + 2*g - t. Suppose 119 = s*m + 11. Calculate the greatest common factor of m and 9.
9
Suppose 0 = -12*u + 7*u + 245. Let m = u + -47. Calculate the highest common divisor of m and 16.
2
Suppose -4*a = 4 - 44. Suppose r = -r + a. Suppose -r*c = -119 + 9. Calculate the highest common factor of c and 22.
22
Let q(s) = 5*s - 24. Suppose 9*h = 5*h + 56. Let p be q(h). What is the highest common factor of p and 2?
2
Suppose -o = -2*l - 9, 0 = -2*o - 3*l - 6 - 4. Let r be ((-28)/35)/(o + (-168)/165). Let n be (-6)/9 - 28/(-6). Calculate the greatest common factor of n and r.
4
Let n = 690 - 666. Calculate the greatest common divisor of 372 and n.
12
Let w(i) = i**3 + 8*i**2 + 7*i + 8. Let n be w(-7). Let s = 101 - 47. Let y be ((-9)/(s/(-20)) - 2)*30. Calculate the highest common factor of y and n.
8
Let y = -307 + 314. Calculate the greatest common divisor of y and 266.
7
Suppose 11*o + 27 - 291 = 0. Let q be ((-2)/(-6))/(2/o + 0). What is the greatest common factor of q and 8?
4
Suppose -4*q - 288 = -20*q. Suppose -h + 0*h = -3*w - 1, -5*h - 2*w - 63 = 0. Let c = 23 + h. Calculate the greatest common divisor of c and q.
6
Let d(i) = 48*i - 224. Let b be d(5). What is the greatest common factor of 1744 and b?
16
Suppose -o + 47 = 2*x, 5*x - 12*o - 85 = -8*o. What is the highest common divisor of x and 51?
3
Let p(b) = -68*b + 2. Let o be p(-11). Let z = o - 419. Suppose -91 = 6*s - z. Calculate the greatest common factor of 16 and s.
8
Let y(j) = -10*j + 30. Let d be y(-9). Let z(o) = o**2 + 2*o. Suppose 0 = -2*i + 5 + 1. Let x be z(i). What is the highest common divisor of d and x?
15
Let h be (-234)/5 + (-5)/25. Let t = 55 + h. What is the greatest common divisor of t and 88?
8
Let y 